m be (-2 - h/20)/(2/16). What is the units digit of (-4)/(-16) + m/8 + 6?
5
Suppose 36*n - 565915 = -79*n. What is the units digit of n?
1
Let w = 11105 + 2241. What is the ten thousands digit of w?
1
Let l be (3 - 2)/(-1) - (-7 - 0). Suppose 1 = l*z + 13. What is the units digit of (-3 - ((-27)/6 + z))*6?
1
Suppose -346*p + 369*p = 259095. What is the thousands digit of p?
1
Let d = -3515 - -3815. What is the tens digit of d?
0
Let x = -542 + 544. What is the tens digit of ((-4 + -8)/x - -1)*-257?
8
Suppose -101*x + 108*x - 61*x + 1457028 = 0. What is the tens digit of x?
8
Let p = -480 - -484. Suppose 5*q - p*y = 123 + 2843, -4*q + 3*y = -2373. What is the units digit of q?
4
Let b(u) = 6*u + 1. Let d be 10/(-35) + (-60)/35. Let n be ((-70)/(-7))/((-4)/d). What is the tens digit of b(n)?
3
Let f = 76149 + -47056. What is the ten thousands digit of f?
2
Suppose 28*k = 22*k - 36. Let m be (-5)/(-10)*k*-24. Let z = 59 + m. What is the units digit of z?
1
Suppose 20*a - 28*a + 1525662 = 49*a. What is the units digit of a?
6
Let h(d) = -d - 52. Let k be h(-5). Let l = 285 + k. What is the tens digit of l?
3
Suppose 3 = 7*k - 10*k. Let o be k*(1 + -2)*(-44 + 61). Let n = o - -33. What is the tens digit of n?
5
Let l = -11109 - -27732. What is the tens digit of l?
2
Let b(y) be the third derivative of 61*y**4/24 - y**3/3 - y**2 - 27. What is the units digit of b(9)?
7
Let t(h) = 2852*h**2 - 33*h - 58. What is the tens digit of t(-2)?
1
Let b(u) = -11*u**3 + 6*u**2 + 8*u + 2. Let p be b(-3). Suppose 0*z + p = z + 2*m, -333 = -z + 2*m. What is the tens digit of z?
3
Suppose -2*t = -9*n + 4*n - 415, 4*t - 863 = -n. Let s = 992 - t. What is the tens digit of s?
7
Let n(d) = -18*d - 5. Let f be n(-1). Suppose f*o + 17*o - 19020 = 0. What is the tens digit of o?
3
Let t(k) = 4*k**2 - 93*k - 76. What is the hundreds digit of t(49)?
9
Suppose -85*k = -32*k + 109*k - 2368278. What is the thousands digit of k?
4
Suppose 0 = -5*n - 3*a + 70825, -5*a + 45590 = 2*n + 17279. What is the tens digit of n?
6
Suppose 0 = -15*c - 0*c + 6300. Suppose 0*l + c = 10*l. What is the tens digit of l?
4
Suppose 2*f - 5*a = -0*f + 8826, 3*f - 13193 = -4*a. Suppose 0 = -5*j + f + 1347. What is the units digit of j?
0
Let z(g) = g**3 + 9*g**2 + 9*g + 17. Let k be z(-8). Let b be -3*24/k*(-154)/8. Suppose -12*u + b = -11*u. What is the hundreds digit of u?
1
Suppose 30088 = 2*h + 2*w, 374*h - 381*h + 105316 = -w. What is the units digit of h?
5
Let a(d) = -45*d. Let k be a(-2). Suppose -k = -2*u - v, 4*u - 29 = v + 157. What is the tens digit of u?
4
Suppose -48454 + 7699 = -19*b. What is the thousands digit of b?
2
Suppose 4*g = y + 43263, 27*g - 22*g + y - 54081 = 0. What is the thousands digit of g?
0
Let x be (-580)/12*-6*(-6)/(-30). Suppose -47*p + x*p - 3080 = 0. What is the tens digit of p?
8
Let f = 112 + 182. Suppose 0 = 6*h - 210 - f. Suppose -k + h = -203. What is the units digit of k?
7
Suppose 0 = 11*p - 1621 + 6318. Let i = 581 + p. What is the tens digit of i?
5
Let n(a) = a**3 + 21*a**2 - 2. Suppose -b - 2*h = 3*b + 74, 0 = 4*b + 5*h + 59. Let x be n(b). What is the units digit of 233/2 + x/4?
6
What is the units digit of (5 + (-1401)/9)/(30/(-4590))?
2
Suppose -7*c = -13*c + 486. Let u = -81 + c. What is the units digit of 1 - 1 - (-2 - u)?
2
Suppose 2446 = 2*f - 298. Let u = f + -800. What is the tens digit of u?
7
Let c(l) = -l**2 + 21*l + 8. Let k be c(18). Suppose 69*b = k*b + 2100. What is the tens digit of b?
0
Let y(u) = -15*u + 37. Let k be y(4). Let p(n) = -n**3 - 23*n**2 - 14*n - 5. What is the hundreds digit of p(k)?
3
Suppose -39*n = -43*n. Suppose t - 13*o = -10*o + 790, n = -2*t - 3*o + 1625. What is the units digit of t?
5
Suppose h = 3603 + 6876. What is the ten thousands digit of h?
1
Let w = -23 + 44. Let f = -2407 - -2410. What is the tens digit of f - (1 + 2 - 4*w)?
8
Let d be 6*5/15*(-15)/6. Let q = d + 1. What is the tens digit of q/22 + (-332)/(-11)?
3
Suppose -396762 - 210793 = -13*w. What is the hundreds digit of w?
7
Suppose -21*o + 3*o - 72 = 0. What is the tens digit of ((-10548)/15)/o*10/3?
8
Let z = 1323 - 903. Let r = z + -83. What is the tens digit of r?
3
Suppose -9*j + 87 = -21. Let a = -21 + 34. Suppose j*w = a*w - 121. What is the hundreds digit of w?
1
Let t(g) = -29*g**3 + 66*g + 239. What is the thousands digit of t(-6)?
6
Let q(k) = -1. Let z(y) = y**3 - 23*y**2 + 22*y + 47. Let h(r) = -q(r) + z(r). Let x be h(22). Suppose x - 182 = -p. What is the hundreds digit of p?
1
Let k(g) be the third derivative of -g**6/120 + 7*g**5/20 + 11*g**4/24 + 37*g**3/6 - 2*g**2 + 35*g. What is the tens digit of k(21)?
6
Let j(z) = 361*z**2 + 382*z - 3497. What is the thousands digit of j(9)?
9
Let n(u) = -u**2 - 4*u + 3. Let r be n(6). Suppose 893 = 59*x - 3178. Let g = x + r. What is the tens digit of g?
1
Let o = -47830 + 91012. What is the units digit of o?
2
Suppose -20580 = -3*s + y, 5*y = -50*s + 45*s + 34260. What is the units digit of s?
8
What is the units digit of -10*(7 + 282/(-18))*105?
0
Suppose 152 - 22 = -5*f. Let l(a) = -a**2 - 46*a + 32. Let c be l(f). What is the tens digit of (-3 - c/(-2))*(-2)/(-6)?
9
Let d = 109 - 113. What is the units digit of (471 + -7 - -7) + d?
7
Let z(s) = 87*s**3 + 3*s**2 + 14*s. Let c be z(3). Let a = 3400 - c. What is the units digit of a?
2
Suppose -7*n - 370 - 9143 = 0. Let b = 2321 + n. What is the tens digit of b?
6
Let v(d) be the first derivative of d**4/4 + 7*d**3/3 + d**2 - 8*d - 420. Suppose 14 = -3*y + i, -2*y + 0*y - 8 = -2*i. What is the units digit of v(y)?
2
Suppose 3*b = 3*w + 19823 + 1855, 4*b + 4*w = 28880. What is the hundreds digit of b?
2
What is the tens digit of (-38)/6 - 251982/(-54)?
6
Let z be 5 - (0 + 9) - -1110. What is the tens digit of z + -1 + -5 + 14?
1
Suppose 5*v = 3*i, 4*i + 5 = 25. Let p be (0/1)/(-9 + 8). Suppose 3*c - v*m - 2 - 49 = p, 2*c - 3*m - 39 = 0. What is the units digit of c?
2
Let h(m) = m**3 + 17*m**2 - 15*m + 38. What is the hundreds digit of h(16)?
2
What is the hundreds digit of (-108)/(-144)*(-91072)/(-12)?
6
Let t(b) = 3016*b**3 + 10*b**2 - 10*b. Let x be t(1). Suppose x = 3*a + 4*d, d - 4*d = -4*a + 4038. What is the units digit of a?
8
Suppose 0 = l + 877 - 765. What is the hundreds digit of 2*-1 + (12 - l)?
1
Let u = 190 - 190. Suppose -4*y = 4*a - 12, 3*y - 15 = -5*a + 2*y. Suppose a*w + u*r = r + 24, -r = w - 12. What is the units digit of w?
9
Suppose 4*r = -4*r + r. Suppose 3*f - 3*a - 246 = r, -5*f + a = -a - 407. Suppose s - f = -z + 23, -15 = 3*s. What is the hundreds digit of z?
1
Suppose 4*x = -z + 29656, -1500*x + 1497*x = -z + 29614. What is the ten thousands digit of z?
2
Let t(d) = -8*d + 22. Let w(x) = 66*x - 176. Let n(b) = 33*b - 88. Let s(z) = 7*n(z) - 3*w(z). Let a(g) = 3*s(g) + 11*t(g). What is the tens digit of a(10)?
8
Let s(o) = 3*o**2 - 15*o + 31. Let w(r) = -r**2 - 3*r. Let t(i) = s(i) - 2*w(i). What is the tens digit of t(7)?
1
Let k(s) = -30*s**2 - 3*s - 11. Let i be k(-2). What is the hundreds digit of 1512 - (i/5)/(-5)?
5
What is the units digit of 341240/114*(-12)/(-5)?
4
Let r = 3032 + -2934. What is the units digit of r?
8
Let m(q) = 9 + 2 + 7 - 56*q. Suppose 3*u = 5*f - 7*f - 5, 9 = -3*f - 3*u. What is the units digit of m(f)?
2
Let y = 12015 + -3574. What is the thousands digit of y?
8
Let n = -829 + 1439. Suppose -j - 4*c - n = -2*j, c = -5*j + 3134. Suppose -4*a - 3*d = -6*d - j, 0 = -2*d - 4. What is the units digit of a?
5
What is the units digit of ((-561)/6 - 3)*(-68 - -2)?
9
Let i(a) = 4957*a**2 + 26*a + 4. What is the hundreds digit of i(2)?
8
Let i(k) = 6*k**3 + 49*k**2 + 32*k + 14. Let s(q) = -q**3 + 1. Let y(u) = -i(u) - 4*s(u). What is the thousands digit of y(-25)?
1
Suppose 10*j = 16 + 34. Suppose 5*d = j*q + 55, -5*q + 3*d + d = 60. What is the tens digit of (-6198)/(-48) + 2/q?
2
Let p = 314 + -204. Suppose -175 = -2*b - j, p = 9*b - 8*b + 5*j. What is the tens digit of b?
8
Let z(o) = 30*o**2 - 6*o + 2. Let r be z(-2). What is the units digit of -4 + r - (-16)/(6 - 10)?
6
Let n = 86 - 70. Suppose -2*p - n = -4*v, 0*p = 2*v + 2*p + 4. Suppose -32 = -v*l - z + 5*z, l - 36 = -3*z. What is the units digit of l?
4
Suppose -2*g = -2*j + 12856, -4*j = g + 2*g - 25719. Suppose 2*z - 2586 = -0